1?
2293
In base 12, what is 2 - 715b13?
-715b11
In base 12, what is -5a8b7 - 1abb?
-607b6
In base 15, what is 3 - -4cdc2?
4cdc5
In base 12, what is 3 + 1a014a?
1a0151
In base 7, what is 24135425 + -5?
24135420
In base 13, what is 1571 + -3a?
1534
In base 11, what is 176544397 - 2?
176544395
In base 15, what is 3b7 + 3553?
391a
In base 11, what is 7853 + -a321?
-2579
In base 6, what is 5 + -2121121?
-2121112
In base 14, what is -baca + -d8?
-bbc4
In base 13, what is -2a809 - -4879?
-25c60
In base 12, what is -84bb15 - 2?
-84bb17
In base 10, what is -17077 + 118?
-16959
In base 8, what is 773 + -344553?
-343560
In base 8, what is 47667 - 761?
46706
In base 12, what is -ba533 - 27?
-ba55a
In base 2, what is -11010001100101000011 - 10?
-11010001100101000101
In base 6, what is -140110 + -21030?
-201140
In base 5, what is -330222100 - 4?
-330222104
In base 14, what is 5a5b41 - -54?
5a5b95
In base 2, what is 10110010010 + 10100000111110101?
10100011110000111
In base 4, what is -11 + -131110002130?
-131110002201
In base 4, what is -212332100221 - 0?
-212332100221
In base 5, what is 413313 - -302311?
1221124
In base 14, what is -a848723 - 0?
-a848723
In base 5, what is -2130211 + 142004?
-1433202
In base 10, what is -57 - -641376?
641319
In base 3, what is -2101020001121212 + -12?
-2101020001122001
In base 5, what is -10 + -1202233?
-1202243
In base 12, what is -3 + 3a431b?
3a4318
In base 2, what is -10110010110011001011 - -110001110?
-10110010101100111101
In base 11, what is 25 - 5665a88?
-5665a63
In base 10, what is -387799920 + 5?
-387799915
In base 3, what is 12221010101002210 + -100?
12221010101002110
In base 6, what is 1014230222 - 3?
1014230215
In base 2, what is -111000100101 + -10011101111010?
-11010110011111
In base 3, what is 0 - 100201012120200201?
-100201012120200201
In base 12, what is -234230674 + -1?
-234230675
In base 9, what is 180452387 + 4?
180452402
In base 14, what is -1db6 - 1191a?
-138d2
In base 16, what is -e6aff - -12?
-e6aed
In base 15, what is -24a014 + 2?
-24a012
In base 3, what is 12010210022 + -102112?
12010100210
In base 7, what is -5 + 226324?
226316
In base 2, what is -101100110010000011 - 1001001?
-101100110011001100
In base 13, what is -42 - -999b95?
999b53
In base 14, what is c341 - 7?
c338
In base 11, what is -3 - -3368217?
3368214
In base 2, what is -11011 - 1011100010011011110?
-1011100010011111001
In base 6, what is 113232 + 35040?
152312
In base 4, what is 102102112020 + -2?
102102112012
In base 4, what is 11 + 1223200100210?
1223200100221
In base 14, what is a3a5 + -13b8?
8dcb
In base 9, what is -368321 - -356?
-367854
In base 11, what is -2273087 + -1?
-2273088
In base 16, what is ed + 50fd?
51ea
In base 12, what is -1706 - -679?
-1049
In base 2, what is 10011110010000001 - -111?
10011110010001000
In base 4, what is 11101321 - -101233?
11203220
In base 7, what is -11426 - -1346015?
1334256
In base 4, what is -3022200012132 + -33?
-3022200012231
In base 10, what is -170 + 2342474?
2342304
In base 15, what is aa15 + -18e3?
9122
In base 15, what is -64276 + 16?
-64260
In base 5, what is 41122123341 + -1?
41122123340
In base 7, what is -42323 + -4531?
-50154
In base 2, what is 11111101111100110 + 100111011000?
100000010110111110
In base 2, what is 100010100001111000000111101111 - 100?
100010100001111000000111101011
In base 15, what is 13d + -85ee?
-84b1
In base 3, what is 12202021220211 - 1?
12202021220210
In base 14, what is 40618cd + 4?
40618d3
In base 2, what is 101 - 11110101100001011010111?
-11110101100001011010010
In base 7, what is 30 - -13352054?
13352114
In base 6, what is -3 - -21033011?
21033004
In base 5, what is 2132 + 3110442?
3113124
In base 12, what is 2 - -748192?
748194
In base 15, what is 840b671 - 0?
840b671
In base 16, what is 675e4 - -56?
6763a
In base 16, what is -31d8a5a - -3?
-31d8a57
In base 9, what is 1021 + -114685?
-113664
In base 11, what is 8 + 7402319?
7402326
In base 2, what is -1001010111110001 - 110111?
-1001011000101000
In base 5, what is 42002 - 1041100?
-444043
In base 4, what is -220003122001 + 210?
-220003121131
In base 4, what is 100 - 130012232?
-130012132
In base 5, what is 3322044312 - 133?
3322044124
In base 7, what is -2042020545 - 4?
-2042020552
In base 10, what is -5676278 - -2?
-5676276
In base 15, what is 6c0d - -756?
7464
In base 2, what is 11011 - 10000001000110000?
-10000001000010101
In base 11, what is -8346401 + -5?
-8346406
In base 6, what is -40542503 + 435?
-40542024
In base 15, what is 1a36c - -34d8?
1d855
In base 13, what is -6a1c9 + -2b6?
-6a4b2
In base 7, what is -25205441 + 25?
-25205413
In base 10, what is -3 - -270774091?
270774088
In base 3, what is -201222121 - -211201?
-201010220
In base 12, what is 704 + 146b?
1b73
In base 11, what is 38a2 - 31290?
-28499
In base 7, what is 533561454 - -3?
533561460
In base 11, what is 10 + 42151398?
421513a8
In base 12, what is 5 - 7b2117?
-7b2112
In base 11, what is 2 - -47653a06?
47653a08
In base 8, what is 116765662 - -1?
116765663
In base 2, what is -1 + -1010000001011110100100?
-1010000001011110100101
In base 3, what is -10 + -1020201212001020?
-1020201212001100
In base 12, what is -15631b1 + 62?
-156314b
In base 15, what is 5a - -879eb0?
87a01a
In base 14, what is c5c97 + 44?
c5cdb
In base 15, what is 11 - -434866?
434877
In base 4, what is 33212 + -1101031000?
-1100331122
In base 7, what is -121133 - -6102?
-112031
In base 2, what is -1101011 + 10000010000100101110?
10000010000011000011
In base 3, what is 20000 + -12002011212?
-12001221212
In base 2, what is -1010011101011011111 + 1011?
-1010011101011010100
In base 8, what is 3501753354 - -1?
3501753355
In base 8, what is -10344235 + -3?
-10344240
In base 4, what is -3 - 112302312132?
-112302312201
In base 6, what is -35 + 155432211?
155432132
In base 3, what is 110122200202 - 1121?
110122122011
In base 10, what is 2511 + 1577?
4088
In base 5, what is 442301 - 4403?
432343
In base 7, what is 1301615 + 2?
1301620
In base 14, what is 16c0 + -758?
d66
In base 9, what is 10 + -112228206?
-112228186
In base 14, what is -3683 + 2d28?
-759
In base 5, what is -3 + 212300140123?
212300140120
In base 11, what is -10a4 + -2470a2?
-248196
In base 10, what is 51 - 23812?
-23761
In base 4, what is -12 + 12111121?
12111103
In base 12, what is -2 - b4482a?
-b44830
In base 12, what is 238b340 + -1?
238b33b
In base 8, what is -50616 - 2305?
-53123
In base 3, what is 11 - 21100101001021?
-21100101001010
In base 7, what is -102 - -3452630?
3452525
In base 15, what is 328ed5 - 5?
328ed0
In base 13, what is -2c839a50 - 3?
-2c839a53
In base 15, what is 5 + -830b6c?
-830b67
In base 6, what is 1542152 - -1315?
1543511
In base 7, what is 1644546 - -4005?
1651554
In base 8, what is 17575 - -150734?
170531
In base 5, what is -1 + 314222434112?
314222434111
In base 14, what is -20bd2b - 2?
-20bd2d
In base 9, what is 8 + -38162720?
-38162711
In base 15, what is -242 + 2bcc?
298a
In base 13, what is 84420793 + 0?
84420793
In base 16, what is -28821a - 17?
-288231
In base 13, what is 25b - 26312?
-26084
In base 14, what is -2304d7ca - -4?
-2304d7c6
In base 15, what is 4c1726e + -5?
4c17269
In base 16, what is e5 - 51e9?
-5104
In base 11, what is -3 - -6477859?
6477856
In base 8, what is -40 + -4252041?
-4252101
In base 7, what is 2254342 - 65?
2254244
In base 11, what is -8 - aa9469?
-aa9476
In base 8, what is -3 + 37644013?
37644010
In base 10, what is -9400863 - -1?
-9400862
In base 8, what is 0 - -1342654426?
1342654426
In base 14, what is 286a - 6189?
-371d
In base 16, what is -36e2 + -cc?
-37ae
In base 2, what is -111011000 + 1101011100011011001?
1101011011100000001
In base 3, what is -2 + 1100122100122102?
1100122100122100
In base 3, what is 222120110220 + 100011?
222120211001
In base 11, what is -122 - -568897?
568775
In base 14, what is 27 - -11c719?
11c742
In base 8, what is -2722051 + -6?
-2722057
In base 4, what is -10302211130 + 210?
-10302210320
In base 5, what is 32101344 + -24?
32101320
In base 8, what is 563260164 - 5?
563260157
In base 13, what is 885 + -7604?
-6a4c
In base 8, what is -5 + -11510123?
-11510130
In base 14, what is -318688 + 5?
-318683
In base 2, what is -1010100001111000010100100 - 11?
-1010100001111000010100111
In base 3, what is 11221100 + 200011